89, 7669
What are the prime factors of 83829787?
2293, 36559
List the prime factors of 425351713.
17, 31, 807119
List the prime factors of 3218393098.
2, 521, 3088669
List the prime factors of 1102476480.
2, 3, 5, 7, 23, 1019
What are the prime factors of 32710585?
5, 6542117
List the prime factors of 43231362.
2, 3, 109, 66103
List the prime factors of 403723383.
3, 7, 193, 99611
What are the prime factors of 163690906?
2, 29, 521, 5417
List the prime factors of 597851470.
2, 5, 3319, 18013
List the prime factors of 23842362.
2, 3, 3973727
What are the prime factors of 40152148?
2, 2689, 3733
List the prime factors of 499777797.
3, 173, 962963
List the prime factors of 810911023.
13, 23, 2712077
What are the prime factors of 7599874?
2, 37, 102701
List the prime factors of 3467603.
37, 93719
List the prime factors of 244881274.
2, 11, 41, 73, 3719
What are the prime factors of 5126141016?
2, 3, 3307, 21529
What are the prime factors of 1483620457?
11, 131, 1029577
List the prime factors of 781939617.
3, 631, 413069
What are the prime factors of 841335680?
2, 5, 1314587
List the prime factors of 104029626.
2, 3, 59, 71, 4139
List the prime factors of 3074679742.
2, 1531, 1004141
List the prime factors of 812598267.
3, 13, 20835853
List the prime factors of 93513708.
2, 3, 2597603
List the prime factors of 1955606460.
2, 3, 5, 43, 271, 2797
List the prime factors of 20839106.
2, 107, 97379
List the prime factors of 4670414034.
2, 3, 11, 13, 418721
What are the prime factors of 22630864?
2, 241, 5869
List the prime factors of 10240905.
3, 5, 19, 35933
What are the prime factors of 83491152?
2, 3, 1739399
What are the prime factors of 346018962?
2, 3, 31, 61, 30497
List the prime factors of 190862753.
31, 823, 7481
What are the prime factors of 787871965?
5, 1597, 98669
List the prime factors of 2855665785.
3, 5, 7, 41, 59, 11243
What are the prime factors of 154138275?
3, 5, 228353
What are the prime factors of 400065439?
400065439
List the prime factors of 736764551.
736764551
List the prime factors of 10971443.
7, 17, 13171
What are the prime factors of 445229655?
3, 5, 13, 175633
List the prime factors of 1797112222.
2, 23, 31, 239, 5273
What are the prime factors of 807791380?
2, 5, 11, 17, 271, 797
List the prime factors of 97853259.
3, 7, 4659679
List the prime factors of 227588366.
2, 113794183
List the prime factors of 705943041.
3, 13799, 17053
What are the prime factors of 209424117?
3, 7, 9972577
What are the prime factors of 60970326?
2, 3, 1499, 6779
List the prime factors of 591193736.
2, 7, 10557031
What are the prime factors of 266933481?
3, 88977827
List the prime factors of 3130126367.
19, 61, 2700713
What are the prime factors of 41355750?
2, 3, 5, 67, 823
What are the prime factors of 362333521?
11, 67, 491633
What are the prime factors of 1640970116?
2, 410242529
List the prime factors of 23890317.
3, 11, 723949
List the prime factors of 7266445193.
7, 1038063599
List the prime factors of 227842644.
2, 3, 18986887
What are the prime factors of 5626281634?
2, 19, 148060043
What are the prime factors of 183067210?
2, 5, 73, 250777
What are the prime factors of 100816027?
13, 7755079
List the prime factors of 123634128.
2, 3, 883, 2917
List the prime factors of 843233775.
3, 5, 19, 591743
What are the prime factors of 183105771?
3, 151, 619, 653
What are the prime factors of 561698936?
2, 89, 788903
List the prime factors of 67274962.
2, 43, 782267
What are the prime factors of 1952696044?
2, 13, 19, 23, 85931
What are the prime factors of 43159249?
7, 880801
List the prime factors of 90599833.
157, 577069
List the prime factors of 13498420.
2, 5, 13, 193, 269
What are the prime factors of 131943754?
2, 431, 153067
What are the prime factors of 81161252?
2, 1459, 13907
List the prime factors of 99170872.
2, 61, 103, 1973
What are the prime factors of 437769798?
2, 3, 72961633
List the prime factors of 551576287.
551576287
List the prime factors of 41081356.
2, 10270339
What are the prime factors of 616091806?
2, 11, 59, 474647
What are the prime factors of 512407206?
2, 3, 29, 981623
List the prime factors of 34367619.
3, 11, 13, 80111
List the prime factors of 940860531.
3, 13, 37, 217339
What are the prime factors of 150496784?
2, 17, 107, 5171
List the prime factors of 17197808.
2, 31, 34673
List the prime factors of 1559943887.
1559943887
What are the prime factors of 90686056?
2, 23, 331, 1489
List the prime factors of 57218541.
3, 19072847
List the prime factors of 838105693.
7529, 111317
What are the prime factors of 32279768?
2, 4034971
What are the prime factors of 6658676058?
2, 3, 1109779343
What are the prime factors of 10627628?
2, 11, 241537
List the prime factors of 5071685043.
3, 131, 1093, 11807
List the prime factors of 4236175576.
2, 239, 2215573
List the prime factors of 1155615116.
2, 443, 652153
List the prime factors of 367992401.
7, 397, 18917
What are the prime factors of 51055819?
37, 1379887
List the prime factors of 11455276.
2, 7, 599, 683
What are the prime factors of 16349080?
2, 5, 11, 73, 509
List the prime factors of 11036041.
419, 26339
List the prime factors of 143610674.
2, 2137, 33601
List the prime factors of 2127699320.
2, 5, 173, 307471
List the prime factors of 345566858.
2, 7, 13, 23, 31, 2663
What are the prime factors of 33847866?
2, 3, 13, 79, 1831
What are the prime factors of 3120059797?
47, 66384251
What are the prime factors of 1986571178?
2, 5179, 191791
What are the prime factors of 3720755248?
2, 7, 41, 810269
What are the prime factors of 122291565?
3, 5, 11, 163, 4547
What are the prime factors of 416050340?
2, 5, 79, 263323
List the prime factors of 209184654.
2, 3, 7, 4980587
What are the prime factors of 1772647165?
5, 307, 1154819
List the prime factors of 32304693.
3, 19, 439, 1291
What are the prime factors of 322844712?
2, 3, 97, 138679
What are the prime factors of 371779418?
2, 53, 107, 32779
List the prime factors of 822977637.
3, 274325879
List the prime factors of 60956442.
2, 3, 1128823
List the prime factors of 450533793.
3, 37, 163, 673
What are the prime factors of 4221261472?
2, 457, 288653
What are the prime factors of 406162766?
2, 61, 613, 5431
List the prime factors of 38536062.
2, 3, 6422677
What are the prime factors of 10365826?
2, 5182913
List the prime factors of 1044095591.
7, 11, 13559683
What are the prime factors of 981844313?
9623, 102031
List the prime factors of 845424918.
2, 3, 13, 1204309
What are the prime factors of 971872622?
2, 7, 181, 383533
What are the prime factors of 64814066?
2, 32407033
List the prime factors of 1674317024.
2, 52322407
What are the prime factors of 1209547757?
11, 2803, 39229
What are the prime factors of 1381120136?
2, 11, 129707
List the prime factors of 34842505.
5, 6968501
List the prime factors of 182219177.
7, 19, 1370069
List the prime factors of 27350721.
3, 3038969
What are the prime factors of 1233843806?
2, 13, 43, 1103617
List the prime factors of 192910422.
2, 3, 1427, 22531
What are the prime factors of 1110779387?
19, 359, 162847
What are the prime factors of 2761541453?
11, 19, 383, 34499
What are the prime factors of 26598092?
2, 521, 12763
What are the prime factors of 114683478?
2, 3, 7, 13, 41, 47, 109
What are the prime factors of 470819906?
2, 235409953
What are the prime factors of 98022798?
2, 3, 67231
List the prime factors of 22924764.
2, 3, 71, 8969
What are the prime factors of 1076895272?
2, 139, 968431
What are the prime factors of 80618738?
2, 541, 74509
List the prime factors of 929826536.
2, 29, 41, 67, 1459
What are the prime factors of 88251765?
3, 5, 7, 353, 2381
List the prime factors of 240483652.
2, 60120913
List the prime factors of 513222723.
3, 13, 487391
What are the prime factors of 859633300?
2, 5, 8596333
What are the prime factors of 1449376397?
7, 857, 241603
What are the prime factors of 352606414?
2, 149, 229, 5167
What are the prime factors of 46625770?
2, 5, 269, 17333
List the prime factors of 356662410.
2, 3, 5, 13, 914519
What are the prime factors of 64925104?
2, 1301, 3119
What are the prime factors of 137105284?
2, 34276321
List the prime factors of 76853555.
5, 15370711
What are the prime factors of 98405657?
7, 14057951
List the prime factors of 34